{"id":522,"date":"2021-03-21T12:47:19","date_gmt":"2021-03-21T12:47:19","guid":{"rendered":"https:\/\/adelal.com\/?page_id=522"},"modified":"2021-03-21T12:47:19","modified_gmt":"2021-03-21T12:47:19","slug":"editorial","status":"publish","type":"page","link":"https:\/\/adelal.com\/?page_id=522","title":{"rendered":"Editorial"},"content":{"rendered":"\n<p>Fundada en 1999, la editorial <a href=\"https:\/\/adelal.com\/nOproblemO\/adelal\/bienve.html\"><em><span style=\"color:#882000\" class=\"has-inline-color\">A<\/span>rtesan\u00eda <span style=\"color:#882000\" class=\"has-inline-color\">DE<\/span>l <span style=\"color:#882000\" class=\"has-inline-color\">L<\/span>ibro digit<span style=\"color:#882000\" class=\"has-inline-color\">AL<\/span><\/em><\/a> mantiene la p\u00e1gina inicial tal cual fue implementada entonces.<\/p>\n\n\n\n<p>Dado el caracter artesanal de la misma, s\u00f3lo se tramitan los encargos por <a href=\"mailto:adelgado@acta.es\">mail<\/a>.<\/p>\n\n\n\n<p>El precio de referencia por impresi\u00f3n son <strong>10 c\u00e9ntimos de euro<\/strong> por p\u00e1gina en b\/n (blanco y negro) y <strong>1 euro<\/strong> por p\u00e1gina en color de cuatricrom\u00eda.<\/p>\n","protected":false},"excerpt":{"rendered":"<p>Fundada en 1999, la editorial Artesan\u00eda DEl Libro digitAL mantiene la p\u00e1gina inicial tal cual fue implementada entonces. Dado el caracter artesanal de la misma, s\u00f3lo se tramitan los encargos por mail. El precio de referencia por impresi\u00f3n son 10 &hellip; <a href=\"https:\/\/adelal.com\/?page_id=522\">Sigue leyendo <span class=\"meta-nav\">&rarr;<\/span><\/a><\/p>\n","protected":false},"author":1,"featured_media":0,"parent":0,"menu_order":0,"comment_status":"closed","ping_status":"closed","template":"","meta":{"footnotes":""},"class_list":["post-522","page","type-page","status-publish","hentry"],"_links":{"self":[{"href":"https:\/\/adelal.com\/index.php?rest_route=\/wp\/v2\/pages\/522","targetHints":{"allow":["GET"]}}],"collection":[{"href":"https:\/\/adelal.com\/index.php?rest_route=\/wp\/v2\/pages"}],"about":[{"href":"https:\/\/adelal.com\/index.php?rest_route=\/wp\/v2\/types\/page"}],"author":[{"embeddable":true,"href":"https:\/\/adelal.com\/index.php?rest_route=\/wp\/v2\/users\/1"}],"replies":[{"embeddable":true,"href":"https:\/\/adelal.com\/index.php?rest_route=%2Fwp%2Fv2%2Fcomments&post=522"}],"version-history":[{"count":1,"href":"https:\/\/adelal.com\/index.php?rest_route=\/wp\/v2\/pages\/522\/revisions"}],"predecessor-version":[{"id":523,"href":"https:\/\/adelal.com\/index.php?rest_route=\/wp\/v2\/pages\/522\/revisions\/523"}],"wp:attachment":[{"href":"https:\/\/adelal.com\/index.php?rest_route=%2Fwp%2Fv2%2Fmedia&parent=522"}],"curies":[{"name":"wp","href":"https:\/\/api.w.org\/{rel}","templated":true}]}}